{"id":82,"date":"2023-09-05T20:14:52","date_gmt":"2023-09-05T20:14:52","guid":{"rendered":"https:\/\/sites.ouseweb.com.br\/finkler\/?page_id=82"},"modified":"2023-10-01T14:23:32","modified_gmt":"2023-10-01T14:23:32","slug":"home","status":"publish","type":"page","link":"https:\/\/sites.ouseweb.com.br\/finkler\/","title":{"rendered":"Home"},"content":{"rendered":"<div class=\"wpb-content-wrapper\"><p>[vc_row row_height_percent=&#8221;0&#8243; override_padding=&#8221;yes&#8221; h_padding=&#8221;2&#8243; top_padding=&#8221;4&#8243; bottom_padding=&#8221;4&#8243; back_image=&#8221;121&#8243; overlay_color=&#8221;color-xsdn&#8221; overlay_alpha=&#8221;85&#8243; gutter_size=&#8221;5&#8243; column_width_percent=&#8221;100&#8243; shift_y=&#8221;0&#8243; z_index=&#8221;0&#8243; uncode_shortcode_id=&#8221;113246&#8243; overlay_color_type=&#8221;uncode-palette&#8221;][vc_column column_width_percent=&#8221;100&#8243; position_vertical=&#8221;middle&#8221; gutter_size=&#8221;3&#8243; overlay_alpha=&#8221;50&#8243; shift_x=&#8221;0&#8243; shift_y=&#8221;0&#8243; shift_y_down=&#8221;0&#8243; z_index=&#8221;0&#8243; medium_width=&#8221;0&#8243; mobile_width=&#8221;0&#8243; width=&#8221;1\/3&#8243; uncode_shortcode_id=&#8221;168065&#8243;][vc_single_image media=&#8221;138&#8243; media_width_percent=&#8221;100&#8243; media_ratio=&#8221;three-four&#8221; alignment=&#8221;center&#8221; shape=&#8221;img-round&#8221; radius=&#8221;std&#8221; uncode_shortcode_id=&#8221;928833&#8243;][\/vc_column][vc_column column_width_percent=&#8221;100&#8243; position_vertical=&#8221;middle&#8221; gutter_size=&#8221;3&#8243; overlay_alpha=&#8221;50&#8243; shift_x=&#8221;0&#8243; shift_y=&#8221;0&#8243; shift_y_down=&#8221;0&#8243; z_index=&#8221;0&#8243; medium_width=&#8221;0&#8243; mobile_width=&#8221;0&#8243; width=&#8221;2\/3&#8243; uncode_shortcode_id=&#8221;211578&#8243;][vc_column_text uncode_shortcode_id=&#8221;851136&#8243;]<\/p>\n<h1 style=\"text-align: left;\">FINKLER: \u00c1gua pura, vida saud\u00e1vel: encontre seu filtro perfeito aqui!<\/h1>\n<p>[\/vc_column_text][vc_column_text uncode_shortcode_id=&#8221;526002&#8243;]A <strong>Finkler<\/strong> \u00e9 uma empresa l\u00edder no mercado de filtros de \u00e1gua e bebedouros, dedicada a fornecer solu\u00e7\u00f5es de qualidade para a sa\u00fade e bem-estar de seus clientes desde o seu in\u00edcio em 1999. Com mais de duas d\u00e9cadas de experi\u00eancia, a nossa miss\u00e3o \u00e9 oferecer produtos que transformam \u00e1gua comum em uma fonte de vitalidade e pureza para fam\u00edlias e empresas.<\/p>\n<p>A nossa paix\u00e3o pela excel\u00eancia e inova\u00e7\u00e3o nos permite continuar aprimorando nossos produtos, garantindo que todos tenham acesso \u00e0 \u00e1gua limpa e fresca. Na Finkler, acreditamos que cada gota conta, e estamos comprometidos em tornar a \u00e1gua de qualidade uma realidade para todos.[\/vc_column_text][vc_button button_color=&#8221;color-866764&#8243; border_width=&#8221;0&#8243; link=&#8221;url:https%3A%2F%2Fsites.ouseweb.com.br%2Ffinkler%2Fquem-somos%2F|title:Quem%20Somos&#8221; button_color_type=&#8221;uncode-palette&#8221; uncode_shortcode_id=&#8221;103578&#8243;]Quem Somos[\/vc_button][\/vc_column][\/vc_row][vc_row row_height_percent=&#8221;50&#8243; back_color=&#8221;color-866764&#8243; back_image=&#8221;94&#8243; back_attachment=&#8221;fixed&#8221; overlay_color=&#8221;color-866764&#8243; overlay_alpha=&#8221;85&#8243; gutter_size=&#8221;3&#8243; column_width_percent=&#8221;100&#8243; shift_y=&#8221;0&#8243; z_index=&#8221;0&#8243; enable_top_divider=&#8221;default&#8221; top_divider=&#8221;flow-opacity&#8221; shape_top_h_use_pixel=&#8221;&#8221; shape_top_height=&#8221;150&#8243; shape_top_opacity=&#8221;100&#8243; shape_top_index=&#8221;0&#8243; uncode_shortcode_id=&#8221;162217&#8243; back_color_type=&#8221;uncode-palette&#8221; overlay_color_type=&#8221;uncode-palette&#8221; css=&#8221;.vc_custom_1696166910935{padding-top: 100px !important;}&#8221;][vc_column column_width_percent=&#8221;100&#8243; align_horizontal=&#8221;align_center&#8221; gutter_size=&#8221;3&#8243; style=&#8221;dark&#8221; overlay_alpha=&#8221;50&#8243; shift_x=&#8221;0&#8243; shift_y=&#8221;0&#8243; shift_y_down=&#8221;0&#8243; z_index=&#8221;0&#8243; medium_width=&#8221;0&#8243; mobile_width=&#8221;0&#8243; width=&#8221;1\/3&#8243; uncode_shortcode_id=&#8221;120057&#8243;][vc_single_image media=&#8221;140&#8243; media_width_percent=&#8221;75&#8243; media_ratio=&#8221;one-one&#8221; alignment=&#8221;center&#8221; shape=&#8221;img-circle&#8221; shadow=&#8221;yes&#8221; shadow_weight=&#8221;std&#8221; uncode_shortcode_id=&#8221;115189&#8243;][vc_column_text uncode_shortcode_id=&#8221;403523&#8243;]<\/p>\n<h2 style=\"text-align: center;\">PURIFICADORES<\/h2>\n<p>[\/vc_column_text][vc_button button_color=&#8221;color-866764&#8243; size=&#8221;btn-sm&#8221; border_width=&#8221;0&#8243; button_color_type=&#8221;uncode-palette&#8221; uncode_shortcode_id=&#8221;124594&#8243; icon=&#8221;fa fa-plus&#8221; link=&#8221;url:https%3A%2F%2Fsites.ouseweb.com.br%2Ffinkler%2Fcategoria-produto%2Fpurificadores-residenciais%2F&#8221;]Veja Produtos[\/vc_button][\/vc_column][vc_column column_width_percent=&#8221;100&#8243; align_horizontal=&#8221;align_center&#8221; gutter_size=&#8221;3&#8243; style=&#8221;dark&#8221; overlay_alpha=&#8221;50&#8243; shift_x=&#8221;0&#8243; shift_y=&#8221;0&#8243; shift_y_down=&#8221;0&#8243; z_index=&#8221;0&#8243; medium_width=&#8221;0&#8243; mobile_width=&#8221;0&#8243; width=&#8221;1\/3&#8243; uncode_shortcode_id=&#8221;227350&#8243;][vc_single_image media=&#8221;142&#8243; media_width_percent=&#8221;75&#8243; media_ratio=&#8221;one-one&#8221; alignment=&#8221;center&#8221; shape=&#8221;img-circle&#8221; shadow=&#8221;yes&#8221; shadow_weight=&#8221;std&#8221; uncode_shortcode_id=&#8221;233770&#8243;][vc_column_text uncode_shortcode_id=&#8221;154360&#8243;]<\/p>\n<h2 style=\"text-align: center;\">BEBEDOUROS<\/h2>\n<p>[\/vc_column_text][vc_button button_color=&#8221;color-866764&#8243; size=&#8221;btn-sm&#8221; border_width=&#8221;0&#8243; button_color_type=&#8221;uncode-palette&#8221; uncode_shortcode_id=&#8221;550572&#8243; icon=&#8221;fa fa-plus&#8221; link=&#8221;url:https%3A%2F%2Fsites.ouseweb.com.br%2Ffinkler%2Fcategoria-produto%2Fbebedouros%2F&#8221;]Veja Produtos[\/vc_button][\/vc_column][vc_column column_width_percent=&#8221;100&#8243; align_horizontal=&#8221;align_center&#8221; gutter_size=&#8221;3&#8243; style=&#8221;dark&#8221; overlay_alpha=&#8221;50&#8243; shift_x=&#8221;0&#8243; shift_y=&#8221;0&#8243; shift_y_down=&#8221;0&#8243; z_index=&#8221;0&#8243; medium_width=&#8221;0&#8243; mobile_width=&#8221;0&#8243; width=&#8221;1\/3&#8243; uncode_shortcode_id=&#8221;140706&#8243;][vc_single_image media=&#8221;144&#8243; media_width_percent=&#8221;75&#8243; media_ratio=&#8221;one-one&#8221; alignment=&#8221;center&#8221; shape=&#8221;img-circle&#8221; shadow=&#8221;yes&#8221; shadow_weight=&#8221;std&#8221; uncode_shortcode_id=&#8221;148167&#8243;][vc_column_text uncode_shortcode_id=&#8221;115577&#8243;]<\/p>\n<h2 style=\"text-align: center;\">AQUECEDORES<\/h2>\n<p>[\/vc_column_text][vc_button button_color=&#8221;color-866764&#8243; size=&#8221;btn-sm&#8221; border_width=&#8221;0&#8243; button_color_type=&#8221;uncode-palette&#8221; uncode_shortcode_id=&#8221;250939&#8243; icon=&#8221;fa fa-plus&#8221; link=&#8221;url:https%3A%2F%2Fsites.ouseweb.com.br%2Ffinkler%2Fcategoria-produto%2Faquecedores%2F&#8221;]Veja Produtos[\/vc_button][\/vc_column][\/vc_row][vc_row row_height_percent=&#8221;50&#8243; back_color=&#8221;color-866764&#8243; back_image=&#8221;94&#8243; back_attachment=&#8221;fixed&#8221; overlay_color=&#8221;color-866764&#8243; overlay_alpha=&#8221;85&#8243; gutter_size=&#8221;3&#8243; column_width_percent=&#8221;100&#8243; shift_y=&#8221;0&#8243; z_index=&#8221;0&#8243; top_divider=&#8221;flow-opacity&#8221; enable_bottom_divider=&#8221;default&#8221; bottom_divider=&#8221;fan-opacity&#8221; shape_bottom_h_use_pixel=&#8221;&#8221; shape_bottom_height=&#8221;150&#8243; shape_bottom_opacity=&#8221;100&#8243; shape_bottom_index=&#8221;0&#8243; uncode_shortcode_id=&#8221;545007&#8243; back_color_type=&#8221;uncode-palette&#8221; overlay_color_type=&#8221;uncode-palette&#8221; shape_dividers=&#8221;&#8221; css=&#8221;.vc_custom_1696170193408{padding-bottom: 130px !important;}&#8221;][vc_column column_width_percent=&#8221;100&#8243; align_horizontal=&#8221;align_center&#8221; gutter_size=&#8221;3&#8243; style=&#8221;dark&#8221; overlay_alpha=&#8221;50&#8243; shift_x=&#8221;0&#8243; shift_y=&#8221;0&#8243; shift_y_down=&#8221;0&#8243; z_index=&#8221;0&#8243; medium_width=&#8221;0&#8243; mobile_width=&#8221;0&#8243; width=&#8221;1\/3&#8243; uncode_shortcode_id=&#8221;161529&#8243;][vc_single_image media=&#8221;145&#8243; media_width_percent=&#8221;75&#8243; media_ratio=&#8221;one-one&#8221; alignment=&#8221;center&#8221; shape=&#8221;img-circle&#8221; shadow=&#8221;yes&#8221; shadow_weight=&#8221;std&#8221; uncode_shortcode_id=&#8221;103926&#8243;][vc_column_text uncode_shortcode_id=&#8221;140228&#8243;]<\/p>\n<h2 style=\"text-align: center;\">REFRIGERADORES<\/h2>\n<p>[\/vc_column_text][vc_button button_color=&#8221;color-866764&#8243; size=&#8221;btn-sm&#8221; border_width=&#8221;0&#8243; button_color_type=&#8221;uncode-palette&#8221; uncode_shortcode_id=&#8221;156895&#8243; icon=&#8221;fa fa-plus&#8221; link=&#8221;url:https%3A%2F%2Fsites.ouseweb.com.br%2Ffinkler%2Fcategoria-produto%2Faquecedores-refrigeradores%2F&#8221;]Veja Produtos[\/vc_button][\/vc_column][vc_column column_width_percent=&#8221;100&#8243; align_horizontal=&#8221;align_center&#8221; gutter_size=&#8221;3&#8243; style=&#8221;dark&#8221; overlay_alpha=&#8221;50&#8243; shift_x=&#8221;0&#8243; shift_y=&#8221;0&#8243; shift_y_down=&#8221;0&#8243; z_index=&#8221;0&#8243; medium_width=&#8221;0&#8243; mobile_width=&#8221;0&#8243; width=&#8221;1\/3&#8243; uncode_shortcode_id=&#8221;763305&#8243;][vc_single_image media=&#8221;143&#8243; media_width_percent=&#8221;75&#8243; media_ratio=&#8221;one-one&#8221; alignment=&#8221;center&#8221; shape=&#8221;img-circle&#8221; shadow=&#8221;yes&#8221; shadow_weight=&#8221;std&#8221; uncode_shortcode_id=&#8221;132771&#8243;][vc_column_text uncode_shortcode_id=&#8221;136023&#8243;]<\/p>\n<h2 style=\"text-align: center;\">TOTENS<\/h2>\n<p>[\/vc_column_text][vc_button button_color=&#8221;color-866764&#8243; size=&#8221;btn-sm&#8221; border_width=&#8221;0&#8243; button_color_type=&#8221;uncode-palette&#8221; uncode_shortcode_id=&#8221;583791&#8243; icon=&#8221;fa fa-plus&#8221; link=&#8221;url:https%3A%2F%2Fsites.ouseweb.com.br%2Ffinkler%2Fcategoria-produto%2Ftotem%2F&#8221;]Veja Produtos[\/vc_button][\/vc_column][vc_column column_width_percent=&#8221;100&#8243; gutter_size=&#8221;3&#8243; style=&#8221;dark&#8221; overlay_alpha=&#8221;50&#8243; shift_x=&#8221;0&#8243; shift_y=&#8221;0&#8243; shift_y_down=&#8221;0&#8243; z_index=&#8221;0&#8243; medium_width=&#8221;0&#8243; mobile_width=&#8221;0&#8243; width=&#8221;1\/3&#8243; uncode_shortcode_id=&#8221;989321&#8243;][\/vc_column][\/vc_row][vc_row row_height_percent=&#8221;0&#8243; override_padding=&#8221;yes&#8221; h_padding=&#8221;2&#8243; top_padding=&#8221;3&#8243; bottom_padding=&#8221;4&#8243; overlay_color=&#8221;color-xsdn&#8221; overlay_alpha=&#8221;85&#8243; gutter_size=&#8221;5&#8243; column_width_percent=&#8221;100&#8243; shift_y=&#8221;0&#8243; z_index=&#8221;0&#8243; uncode_shortcode_id=&#8221;103796&#8243; overlay_color_type=&#8221;uncode-palette&#8221;][vc_column column_width_percent=&#8221;100&#8243; position_vertical=&#8221;middle&#8221; gutter_size=&#8221;3&#8243; overlay_alpha=&#8221;50&#8243; shift_x=&#8221;0&#8243; shift_y=&#8221;0&#8243; shift_y_down=&#8221;0&#8243; z_index=&#8221;0&#8243; medium_width=&#8221;0&#8243; mobile_width=&#8221;0&#8243; width=&#8221;1\/2&#8243; uncode_shortcode_id=&#8221;168065&#8243;][vc_single_image media=&#8221;163&#8243; media_width_percent=&#8221;100&#8243; alignment=&#8221;center&#8221; shape=&#8221;img-round&#8221; radius=&#8221;std&#8221; uncode_shortcode_id=&#8221;200772&#8243;][\/vc_column][vc_column column_width_percent=&#8221;100&#8243; position_vertical=&#8221;middle&#8221; gutter_size=&#8221;3&#8243; overlay_alpha=&#8221;50&#8243; shift_x=&#8221;0&#8243; shift_y=&#8221;0&#8243; shift_y_down=&#8221;0&#8243; z_index=&#8221;0&#8243; medium_width=&#8221;0&#8243; mobile_width=&#8221;0&#8243; width=&#8221;1\/2&#8243; uncode_shortcode_id=&#8221;211578&#8243;][vc_column_text uncode_shortcode_id=&#8221;362615&#8243;]<\/p>\n<h1 style=\"text-align: left;\">Filtros de \u00e1gua de qualidade, bem-estar garantido<\/h1>\n<p>[\/vc_column_text][vc_column_text uncode_shortcode_id=&#8221;669633&#8243;]A <strong>Finkler<\/strong> \u00e9 uma empresa l\u00edder no mercado de filtros de \u00e1gua e bebedouros, dedicada a fornecer solu\u00e7\u00f5es de qualidade para a sa\u00fade e bem-estar de seus clientes desde o seu in\u00edcio em 1999. Com mais de duas d\u00e9cadas de experi\u00eancia, a nossa miss\u00e3o \u00e9 oferecer produtos que transformam \u00e1gua comum em uma fonte de vitalidade e pureza para fam\u00edlias e empresas.[\/vc_column_text][vc_button button_color=&#8221;color-866764&#8243; border_width=&#8221;0&#8243; link=&#8221;url:https%3A%2F%2Fsites.ouseweb.com.br%2Ffinkler%2Fquem-somos%2F|title:Quem%20Somos&#8221; button_color_type=&#8221;uncode-palette&#8221; uncode_shortcode_id=&#8221;103578&#8243;]Quem Somos[\/vc_button][\/vc_column][\/vc_row][vc_row row_height_percent=&#8221;0&#8243; override_padding=&#8221;yes&#8221; h_padding=&#8221;2&#8243; top_padding=&#8221;2&#8243; bottom_padding=&#8221;3&#8243; back_image=&#8221;121&#8243; overlay_color=&#8221;color-xsdn&#8221; overlay_alpha=&#8221;85&#8243; gutter_size=&#8221;3&#8243; column_width_percent=&#8221;100&#8243; shift_y=&#8221;0&#8243; z_index=&#8221;0&#8243; uncode_shortcode_id=&#8221;155443&#8243; overlay_color_type=&#8221;uncode-palette&#8221;][vc_column column_width_percent=&#8221;100&#8243; align_horizontal=&#8221;align_center&#8221; gutter_size=&#8221;3&#8243; overlay_alpha=&#8221;50&#8243; shift_x=&#8221;0&#8243; shift_y=&#8221;0&#8243; shift_y_down=&#8221;0&#8243; z_index=&#8221;0&#8243; medium_width=&#8221;0&#8243; mobile_width=&#8221;0&#8243; width=&#8221;1\/1&#8243; uncode_shortcode_id=&#8221;212014&#8243;][vc_custom_heading uncode_shortcode_id=&#8221;187155&#8243;]<\/p>\n<h1 style=\"text-align: center;\">Fique por Dentro<\/h1>\n<p>[\/vc_custom_heading][vc_separator sep_color=&#8221;color-866764&#8243; uncode_shortcode_id=&#8221;992622&#8243; sep_color_type=&#8221;uncode-palette&#8221; el_width=&#8221;40px&#8221; el_height=&#8221;5px&#8221;][uncode_index el_id=&#8221;index-199928&#8243; loop=&#8221;size:3|order_by:date|post_type:post|taxonomy_count:10&#8243; screen_lg=&#8221;1000&#8243; screen_md=&#8221;600&#8243; screen_sm=&#8221;480&#8243; gutter_size=&#8221;4&#8243; post_items=&#8221;media|featured|onpost|original,title&#8221; images_size=&#8221;four-three&#8221; single_shape=&#8221;round&#8221; radius=&#8221;std&#8221; single_overlay_color=&#8221;color-866764&#8243; single_overlay_coloration=&#8221;top_gradient&#8221; single_overlay_opacity=&#8221;70&#8243; single_h_align=&#8221;center&#8221; single_padding=&#8221;2&#8243; single_title_dimension=&#8221;h3&#8243; uncode_shortcode_id=&#8221;609755&#8243;][\/vc_column][\/vc_row]<\/p>\n<\/div>","protected":false},"excerpt":{"rendered":"<p>[vc_row row_height_percent=&#8221;0&#8243; override_padding=&#8221;yes&#8221; h_padding=&#8221;2&#8243; top_padding=&#8221;4&#8243; bottom_padding=&#8221;4&#8243; back_image=&#8221;121&#8243; overlay_color=&#8221;color-xsdn&#8221; overlay_alpha=&#8221;85&#8243; gutter_size=&#8221;5&#8243; column_width_percent=&#8221;100&#8243; shift_y=&#8221;0&#8243; z_index=&#8221;0&#8243; uncode_shortcode_id=&#8221;113246&#8243; overlay_color_type=&#8221;uncode-palette&#8221;][vc_column column_width_percent=&#8221;100&#8243; position_vertical=&#8221;middle&#8221; gutter_size=&#8221;3&#8243; overlay_alpha=&#8221;50&#8243; shift_x=&#8221;0&#8243; [&hellip;]<\/p>\n","protected":false},"author":1,"featured_media":0,"parent":0,"menu_order":0,"comment_status":"closed","ping_status":"closed","template":"","meta":{"_joinchat":[],"footnotes":""},"class_list":["post-82","page","type-page","status-publish","hentry"],"_links":{"self":[{"href":"https:\/\/sites.ouseweb.com.br\/finkler\/wp-json\/wp\/v2\/pages\/82","targetHints":{"allow":["GET"]}}],"collection":[{"href":"https:\/\/sites.ouseweb.com.br\/finkler\/wp-json\/wp\/v2\/pages"}],"about":[{"href":"https:\/\/sites.ouseweb.com.br\/finkler\/wp-json\/wp\/v2\/types\/page"}],"author":[{"embeddable":true,"href":"https:\/\/sites.ouseweb.com.br\/finkler\/wp-json\/wp\/v2\/users\/1"}],"replies":[{"embeddable":true,"href":"https:\/\/sites.ouseweb.com.br\/finkler\/wp-json\/wp\/v2\/comments?post=82"}],"version-history":[{"count":9,"href":"https:\/\/sites.ouseweb.com.br\/finkler\/wp-json\/wp\/v2\/pages\/82\/revisions"}],"predecessor-version":[{"id":180,"href":"https:\/\/sites.ouseweb.com.br\/finkler\/wp-json\/wp\/v2\/pages\/82\/revisions\/180"}],"wp:attachment":[{"href":"https:\/\/sites.ouseweb.com.br\/finkler\/wp-json\/wp\/v2\/media?parent=82"}],"curies":[{"name":"wp","href":"https:\/\/api.w.org\/{rel}","templated":true}]}}